110001100 (base 2) to base 10
396
What is -118 (base 15) in base 9?
-305
-100 (base 2) to base 11
-4
Convert 5 (base 16) to base 12.
5
-2 (base 10) to base 12
-2
Convert 8 (base 13) to base 9.
8
-10 (base 8) to base 11
-8
What is 17 (base 13) in base 16?
14
Convert -50 (base 8) to base 7.
-55
Convert -2 (base 9) to base 8.
-2
-30 (base 12) to base 7
-51
Convert -53 (base 7) to base 11.
-35
0 (base 8) to base 11
0
Convert -10 (base 4) to base 10.
-4
7 (base 14) to base 8
7
What is 100 (base 4) in base 10?
16
202 (base 3) to base 8
24
What is 3 (base 5) in base 14?
3
What is 5 (base 13) in base 6?
5
What is 3 (base 6) in base 14?
3
-15 (base 14) to base 12
-17
-2003 (base 4) to base 10
-131
Convert 66 (base 7) to base 11.
44
-3 (base 13) to base 15
-3
-10 (base 4) to base 9
-4
What is -11 (base 2) in base 6?
-3
21 (base 9) to base 13
16
Convert -137 (base 11) to base 2.
-10100001
What is 21 (base 13) in base 6?
43
Convert 110 (base 5) to base 13.
24
What is 2a (base 12) in base 6?
54
Convert 78 (base 9) to base 5.
241
-12 (base 5) to base 12
-7
Convert -3 (base 7) to base 14.
-3
-8 (base 12) to base 3
-22
Convert -2 (base 11) to base 5.
-2
Convert -10 (base 2) to base 13.
-2
What is -4 (base 15) in base 13?
-4
Convert -10001 (base 2) to base 8.
-21
Convert 118 (base 14) to base 3.
22002
23 (base 4) to base 16
b
Convert -31 (base 6) to base 10.
-19
Convert -5 (base 15) to base 4.
-11
-3f (base 16) to base 10
-63
What is 64 (base 10) in base 11?
59
What is -1011 (base 5) in base 7?
-245
What is -3 (base 11) in base 6?
-3
-12 (base 10) to base 7
-15
2112 (base 3) to base 6
152
What is -297 (base 10) in base 14?
-173
-33 (base 13) to base 16
-2a
Convert 14 (base 9) to base 5.
23
-133 (base 6) to base 11
-52
What is 12 (base 15) in base 7?
23
-2 (base 10) to base 13
-2
-1 (base 13) to base 12
-1
-b4 (base 12) to base 10
-136
What is -4 (base 16) in base 2?
-100
Convert -54 (base 7) to base 2.
-100111
What is 68 (base 15) in base 4?
1202
What is -173 (base 13) in base 9?
-322
-20 (base 3) to base 9
-6
Convert -4 (base 5) to base 13.
-4
-200 (base 3) to base 6
-30
What is 50 (base 7) in base 12?
2b
Convert -10 (base 9) to base 3.
-100
56 (base 14) to base 16
4c
What is 57 (base 9) in base 5?
202
-7 (base 10) to base 11
-7
-1 (base 8) to base 10
-1
-53 (base 15) to base 16
-4e
Convert 105 (base 7) to base 2.
110110
Convert 0 (base 4) to base 3.
0
-3 (base 12) to base 4
-3
Convert 49 (base 12) to base 14.
41
Convert 301 (base 8) to base 15.
cd
-6e (base 16) to base 15
-75
What is 10 (base 4) in base 14?
4
What is 108 (base 9) in base 10?
89
-11 (base 9) to base 15
-a
Convert 5 (base 9) to base 15.
5
What is 0 (base 4) in base 2?
0
-1 (base 16) to base 8
-1
What is 1 (base 9) in base 13?
1
0 (base 14) to base 4
0
0 (base 12) to base 8
0
What is -3 (base 8) in base 10?
-3
Convert -5 (base 14) to base 16.
-5
-6 (base 15) to base 3
-20
10 (base 2) to base 12
2
What is -4 (base 16) in base 13?
-4
-16 (base 7) to base 15
-d
1 (base 14) to base 15
1
-2 (base 16) to base 6
-2
What is 4 (base 7) in base 9?
4
Convert 72 (base 12) to base 14.
62
What is -18 (base 13) in base 11?
-1a
Convert -63 (base 12) to base 4.
-1023
Convert -5 (base 12) to base 11.
-5
33 (base 11) to base 12
30
Convert 256 (base 10) to base 12.
194
Convert 0 (base 6) to base 2.
0
Convert 182 (base 11) to base 13.
133
Convert -2 (base 13) to base 15.
-2
3 (base 16) to base 15
3
Convert 1 (base 3) to base 12.
1
What is 1 (base 16) in base 13?
1
Convert 0 (base 8) to base 6.
0
Convert 0 (base 2) to base 11.
0
What is -1 (base 11) in base 16?
-1
-417 (base 8) to base 13
-17b
Convert 45 (base 11) to base 8.
61
9 (base 11) to base 3
100
Convert 21100 (base 3) to base 14.
102
What is -10 (base 5) in base 4?
-11
What is 1001 (base 2) in base 7?
12
What is -25 (base 6) in base 2?
-10001
What is -12 (base 5) in base 16?
-7
3c (base 13) to base 9
56
9 (base 14) to base 10
9
Convert 423 (base 5) to base 7.
221
What is 4 (base 6) in base 3?
11
-10003 (base 4) to base 12
-197
What is 4 (base 7) in base 2?
100
Convert -51 (base 8) to base 15.
-2b
301 (base 5) to base 16
4c
-21 (base 11) to base 13
-1a
Convert -5 (base 16) to base 10.
-5
-5 (base 12) to base 3
-12
Convert 82 (base 16) to base 5.
1010
110100 (base 2) to base 11
48
What is -1 (base 15) in base 3?
-1
Convert -228 (base 9) to base 6.
-512
Convert 3 (base 10) to base 16.
3
13 (base 8) to base 16
b
-15 (base 16) to base 9
-23
What is 1 (base 16) in base 5?
1
Convert 511 (base 7) to base 10.
253
What is -112 (base 3) in base 10?
-14
Convert d (base 16) to base 7.
16
Convert -a (base 12) to base 14.
-a
Convert 88 (base 15) to base 14.
92
Convert 2 (base 10) to base 9.
2
What is 42 (base 9) in base 10?
38
-4 (base 5) to base 3
-11
1 (base 10) to base 14
1
What is -7 (base 9) in base 16?
-7
Convert 41 (base 9) to base 12.
31
-20 (base 6) to base 5
-22
Convert -6 (base 14) to base 8.
-6
What is 300 (base 4) in base 2?
110000
-1 (base 3) to base 4
-1
80 (base 12) to base 10
96
Convert -c (base 14) to base 3.
-110
332 (base 5) to base 7
161
Convert -23 (base 7) to base 15.
-12
a (base 15) to base 7
13
What is -313 (base 6) in base 3?
-11100
What is -467 (base 9) in base 6?
-1441
-14 (base 10) to base 12
-12
What is -2 (base 6) in base 5?
-2
-43 (base 12) to base 7
-102
Convert 0 (base 5) to base 4.
0
Convert 101 (base 6) to base 8.
45
Convert -111 (base 14) to base 4.
-3103
Convert -4 (base 7) to base 9.
-4
8 (base 16) to base 8
10
Convert 0 (base 6) to base 11.
0
-78 (base 16) to base 10
-120
45 (base 7) to base 2
100001
0 (base 11) to base 2
0
What is 8 (base 16) in base 7?
11
Convert a (base 16) to base 11.
a
-7 (base 12) to base 15
-7
Convert -11 (base 10) to base 9.
-12
Convert 1 (base 10) to base 13.
1
What is 3 (base 5) in base 8?
3
-10 (base 3) to base 4
-3
53 (base 11) to base 14
42
Convert 6 (base 9) to base 15.
6
Convert 10110 (base 2) to base 8.
26
What is 169 (base 15) in base 11?
275
-10022 (base 3) to base 13
-6b
What is 1202 (base 4) in base 8?
142
What is 1 (base 11) in base 14?
1
What is -1 (base 16) in base 9?
-1
10 (base 8) to base 16
8
-70 (base 9) to base 13
-4b
What is -4 (base 7) in base 6?
-4
Convert -212 (base 3) to base 10.
-23
What is -101 (base 3) in base 2?
-1010
What is 38 (base 9) in base 14?
27
What is 7 (base 11) in base 15?
7
Convert -1 (base 13) to base 12.
-1
What is 0 (base 12) in base 8?
0
What is 3 (base 14) in base 12?
3
-93 (base 14) to base 13
-9c
Convert -e (base 15) to base 7.
-20
What is -5 (base 15) in base 7?
-5
Convert 1011 (base 2) to base 15.
b
Convert -3 (base 14) to base 4.
-3
What is 46 (base 10) in base 3?
1201
1 (base 13) to base 16
1
What is 11 (base 10) in base 3?
102
-1 (base 15) to base 16
-1
-1 (base 16) to base 13
-1
26 (base 16) to base 12
32
Convert -20 (base 3) to base 15.
-6
What is 5 (base 6) in base 12?
5
What is -13 (base 12) in base 8?
-17
What is 33 (base 5) in base 6?
30
What is 156 (base 8) in base 11?
a0
18 (base 16) to base 14
1a
-213 (base 8) to base 11
-117
133 (base 4) to base 16
1f
Convert 22 (base 8) to base 2.
10010
Convert -2 (base 4) to base 16.
-2
-51 (base 11) to base 7
-110
3 (base 8) to base 14
3
61 (base 16) to base 9
117
What is 5 (base 13) in base 4?
11
-57 (base 8) to base 4
-233
What is 4 (base 7) in base 9?
4
Convert -36 (base 7) to base 4.
-123
Convert -4 (base 7) to base 6.
-4
What is -3 (base 15) in base 2?
-11
What is -3 (base 12) in base 7?
-3
What is -3 (base 15) in base 7?
-3
-274 (base 11) to base 4
-11003
1 (base 13) to base 6
1
Convert -31 (base 7) to base 15.
-17
What is 1 (base 4) in base 15?
1
Convert -53 (base 11) to base 13.
-46
9 (base 15) to base 9
10
-12 (base 3) to base 4
-11
What is 50 (base 10) in base 3?
1212
Convert 0 (base 3) to base 5.
0
What is 53 (base 13) in base 14?
4c
What is 0 (base 7) in base 12?
0
What is -2 (base 15) in base 2?
-10
Convert 4 (base 8) to base 10.
4
-100011 (base 2) to base 10
-35
Convert -7 (base 8) to base 2.
-111
Convert 21 (base 4) to base 3.
100
Convert 11 (base 4) to base 14.
5
Convert 231 (base 5) to base 10.
66
What is 12 (base 15) in base 6?
25
Convert -16 (base 12) to base 16.
-12
Convert -2 (base 12) to base 10.
-2
What is -6 (base 16) in base 13?
-6
What is -13 (base 10) in base 7?
-16
What is -11 (